 1 - (1 + 0)?
2
What is 11 - 17 - (-6 - 3)?
3
What is the value of 4 + -1 + -7 + -10 + 10?
-4
What is the value of (-6 - -5 - 4 - -1) + 5?
1
What is the value of (-3 - -4) + -3 + 1?
-1
What is -14 - (-3 + -12 + 9)?
-8
Evaluate -1 + 2 - (65 - 72).
8
What is -1 - (2 - (2 + 0)) - 1?
-2
What is -9 - 1 - -14 - (-3 + 1)?
6
What is the value of (22 - 27) + 0 + 5?
0
Evaluate (25 - 25) + (-5 - 0).
-5
0 - -2 - (1 + -2 + 7)
-4
What is the value of -8 + -3 - (-9 + 4)?
-6
-1 - (7 + -12 - (0 + 0))
4
(-4 - (-3 - 0)) + 1 + -4
-4
What is the value of 12 - ((6 - 2) + 12)?
-4
What is (-5 - -9 - -2 - 3) + 0?
3
What is the value of -5 - -1 - (-5 + -3)?
4
What is 0 + -15 + 26 - (3 - 1)?
9
Calculate -2 + 3 + 4 + -9.
-4
What is the value of (1 - 4) + -4 + 12?
5
-2 - (2 - (-7 - -9))
-2
(11 - (-5 + 9)) + -14
-7
Evaluate (23 - 24) + -1 + (-1 - -2).
-1
What is 1 + -1 + 4 + (-3 - 5)?
-4
(6 - -7) + -2 + -8
3
(-2 - (0 + -6)) + (-2 - -2)
4
What is (3 - (9 - 15)) + -16?
-7
Evaluate -2 + -4 + (1 - -5).
0
What is the value of 4 + 4 + -7 - 0 - -3?
4
What is 7 + (-4 - (5 + -8))?
6
What is the value of 1 - 18 - (-11 - -5) - -4?
-7
What is the value of -6 - ((2 - (-2 - 7)) + -9)?
-8
What is the value of (11 - (7 + 0)) + -5?
-1
What is the value of -3 + (-6 - -12) - -3?
6
278 + -286 + (1 + -1 - 1)
-9
Calculate 6 + (-8 - (-1 + 0 + -3)).
2
What is the value of (1 - 5 - -8) + -1 + -5?
-2
Evaluate -1 + -1 + -3 + 5 + -2.
-2
((-6 - -5) + 3 - 2) + -4
-4
(-27 - -24) + (0 - 2)
-5
What is 0 + -1 + -8 + 6?
-3
What is the value of 0 - (4 + 6) - -8?
-2
What is -4 - (5 + (-4 - 2))?
-3
What is -6 - (2 - (1 - 0 - -4))?
-3
What is 12 + 0 - (53 - 48)?
7
Calculate (-4 - -8) + -5 + 5.
4
What is the value of -1 - ((-5 - 0) + 4)?
0
What is the value of (-2 - 0) + 1 - (12 - 9)?
-4
What is 18 - 16 - (3 + (2 - 1))?
-2
1 - (2 + -3 + 0) - 5
-3
What is 4 - (8 - (-3 - -2))?
-5
Evaluate 1 + (-5 - (2 - 3)) - 1.
-4
What is (-1 - -9) + (2 - -3) + -10?
3
Calculate 0 - ((1 - -2) + -4) - 3.
-2
2 + (-10 - (5 + -10))
-3
Calculate (-1 - (1 + -5)) + -214 + 215.
4
Evaluate 13 + -14 + 18 + -13.
4
What is the value of (-1 - (0 + -6 + 2)) + 1?
4
What is the value of (-1 - 13) + 5 - (3 - 10)?
-2
What is (-12 - -8) + -1 + -3 - 1?
-9
2 + 12 - 5 - 6
3
3 + -3 - -4 - 2
2
(-2 - (2 - -3)) + 0
-7
What is -2 - 3 - (-1 + 0)?
-4
What is -2 + 1 + 6 + -7 - -1?
-1
3 + -4 + -1 + -5 + 5
-2
What is 0 - (1 + (-7 - -4) - 1)?
3
-1 - (0 + (2 - -2))
-5
(2 + 1 - 1) + (3 - 0)
5
What is the value of 7 + -2 + -4 + (-7 - -1)?
-5
1 + 0 - (2 + 3)
-4
What is the value of 8 - (-2 - -6) - 1 - 3?
0
Evaluate -3 - -5 - -7 - 10.
-1
What is the value of 0 + 3 + (-1 - -3)?
5
What is the value of 0 - (-1 + 0 + (-7 - -10))?
-2
What is 81 + -80 - (1 + (-6 - -1))?
5
What is -1 + 8 + 9 + -14?
2
What is the value of -2 - (-3 - -8) - 2?
-9
What is the value of (-3 - -12 - (-1 - -8)) + 0?
2
Evaluate -10 + 9 - ((1 - -3) + -2).
-3
Evaluate (-3 - -6) + (7 - 5).
5
Calculate 6 + -2 + (-7 - -6).
3
What is 0 + -8 + 11 + 2 + -8?
-3
What is the value of 18 + -18 + -6 - (-8 - -1)?
1
What is the value of (3 - (10 + -9)) + 2?
4
(7 - 12) + (-2 - (-16 - 0))
9
What is -3 - ((-1 - -2) + -3 + 2)?
-3
Calculate 4 + -1 + -1 - 5.
-3
Evaluate 2 - (-8 - -12 - 4).
2
Calculate 2 + 0 + (-10 - -13).
5
Calculate -3 + (-4 - -3) + 3 - -7.
6
Evaluate -3 - -2 - (1 + -4) - 3.
-1
-3 - (0 + -4 - -2)
-1
Calculate -7 - ((-1 - -5 - 5) + -2).
-4
What is (-3 - -4) + -1 + (-2 - -3)?
1
What is the value of (0 + 3 - -1) + (38 - 40)?
2
Calculate 4 - (1 - -9) - -3.
-3
(-16 - -8 - 0) + 6
-2
What is the value of -3 - ((-3 - 3) + 9)?
-6
-3 - (8 - -1) - -9
-3
Evaluate 12 - (-1 + -3 - -11).
5
Evaluate 4 - (-3 - 0 - -7).
0
12 - (-12 - (-6 - 21))
-3
What is the value of (-1 - -6) + -1 + 1 + -5?
0
What is 0 + 12 + -95 + 89?
6
What is 8 + 1 + 1 + -8 + 6?
8
3 - (0 + 2 + 1)
0
-7 - (4 + -10 + 5 - 1)
-5
Calculate 0 + (0 - 0) + (23 - 19).
4
Calculate -11 + 12 + 10 + -18.
-7
Evaluate 30 + -39 + (2 - -3).
-4
Evaluate -5 - (2 + (-1 - 2)).
-4
Calculate 4 + -2 - (6 - 4).
0
What is -5 + (-7 - -13) + 4?
5
-1 - 3 - (-3 - 0)
-1
What is the value of -4 + (-1 - 1) + -18 + 22?
-2
Evaluate 9 + -13 + 4 - -4.
4
Calculate -11 - -14 - 7 - 0.
-4
What is 42 - 40 - (8 + -3)?
-3
Calculate -4 + -7 + 3 + (4 - 3).
-7
1 + -4 + (3 - 3)
-3
Evaluate (-2 + -1 - -11) + -3 - 0.
5
Evaluate (-4 - -2) + 3 + -6 + 0.
-5
What is -5 + (0 - (4 - 5)) + 4?
0
-1 - ((-17 + 6 - -5) + 12)
-7
What is the value of 1 - 5 - (-7 + 5)?
-2
Evaluate -6 + 3 - (12 - 9).
-6
(1 - -2) + -5 - -1 - -1
0
What is 3 - (-1 - -1 - (-2 - 2))?
-1
Calculate (-4 - (-6 - -2 - -2)) + 6.
4
0 - ((-9 - (1 + -5)) + 2)
3
What is (-10 - -13) + -1 + 2?
4
Evaluate 6 + (-1 - 5) + -2 + 5.
3
Evaluate -2 + 0 - -4 - 5.
-3
Evaluate -2 + 5 + -5 + 3.
1
-3 + (5 + 6 - 5)
3
-2 + (2 - 0) + (-52 - -48)
-4
Calculate 1 + (5 - 1) - 6.
-1
What is (-3 - (1 + (-3 - 1))) + 5?
5
-3 + 8 - (-4 + 9 - 0)
0
Evaluate 0 + -1 + (56 - 54).
1
-2 + (2 - (-4 + 2))
2
(-5 - 0) + (5 - -2) + 0
2
3 - (-13 + 20 - (6 + 3))
5
What is 0 - (-10 + 13 - (-1 + 6))?
2
What is the value of (2 + 6 - 7) + -1?
0
-2 + 2 - (-14 + 9)
5
(1 - 8) + 34 + -29
-2
What is the value of (-2 - 5) + -10 + 13?
-4
Evaluate 8 + -5 + 1 + -1.
3
Evaluate 3 - ((-4 - -1) + 10).
-4
16 - ((6 - 0) + (10 - 7))
7
4 + -12 + 6 - -3
1
Calculate -3 + 3 + (-5 - -2) + -3.
-6
23 - 20 - (-6 + (5 - 4))
8
Evaluate 1 - 5 - (-2 - -1) - -2.
-1
Calculate 6 - (-2 + -2 - (-16 - -9)).
3
Evaluate 1 + -4 + 2 - -2.
1
1 + (-11 - -7) + 3
0
Evaluate -1 + -2 + (7 - (-6 + 4)).
6
Calculate -2 - -14 - 26 - -10.
-4
What is the value of 6 - 0 - (-10 - -20)?
-4
What is the value of -6 + 4 + (5 - 0)?
3
-2 + (0 + -2 - -11)
7
Calculate ((-1 - -8) + -2 - 3) + 2.
4
What is the value of 7 + -2 - (-5 + 15)?
-5
What is the value of -27 + 24 - (1 - 0) - -7?
3
Evaluate 3 + (-10 - (-5 - (3 - 4))).
-3
-22 + 6 - -10 - -8
2
What is the value of (2 - -3) + (-2 - 0)?
3
Calculate (129 - 144) + (1 - -10).
-4
Evaluate 8 + (1 - -4 - 5).
8
What is the value of -2 + (3 - 2) + 1 + -2?
-2
What is (11 - 3) + -22 + -2 + 9?
-7
78 + -80 + (-2 - 1)
-5
21 - 34 - (3 - 11)
-5
What is the value of (-7 - -4) + (0 - -3)?
0
Evaluate 3 + (15 - 14 - (0 - -1)).
3
Calculate (0 - -3) + -1 + (1 - 4).
-1
Evaluate -4 + ((0 - 5) + -2 - -13).
2
-1 + -1 - (-5 + -2 + 5)
0
Evaluate 1 - 7 - (-33 + 17 - -13).
-3
Calculate 2 + (3 - 1 - (44 + -34)).
-6
What is the value of -5 + (3 - -1) + 2?
1
Evaluate -8 + (1 + 1 - (-2 + 1)).
-5
-2 - 0 - (-1 - 2)
1
Evaluate 1 - ((1 - 2) + -5) - 1.
6
What is (2 - 1) + -2 + 3 - -1?
3
Evaluate -3 + (1 + -2 - -1 - -8).
5
Evaluate (4 - (1 + 2)) + (1 - 5).
-3
-2 - 1 - (-1 + -2)
0
Evaluate 0 - 0 - -6 - (82 + -73).
-3
4 + 0 + (7 - (6 + 0))
5
Evaluate -6 - (1 + 3 + (-2 - 2)).
-6
Evaluate (-7 - (-9 + 5)) + 0 + 8.
5
0 + 3 + 0 + (-5 - 1)
-3
What is the value of (2 - (1 - -3)) + 8 + -4?
2
What is 6 - -1 - (27 + -23)?
3
Calculate -4 - (4 - 6) - 1.
-3
Evaluate (3 - (8 + -2 + -6)) + 1.
4
-8 + 11 - (-1 + 8) - -1
-3
Evaluate 4 + (0 - 3) + 2 - 4.
-1
What is -2 + (-6 + 5 + 0 - -4)?
1
What is the value of 6 + 5 + (3 + 3 - 10)?
7
Calculate 0 + 4 - (10 - 8).
2
Calculate 2 - (-5 - (-10 + 7) - -8).
-4
What is the value of 0 - -3 - (0 + (0 - -4))?
-1
What is the value of -3 + 6 + (-18 - -4) + 4?
-7
Evaluate -1 - (-7 + 9 - 5).
2
2 - 1 - (4 - (4 - 2))
-1
0 + -1 + -10 + 11 + -3
-3
Evaluate 2 + (12 - 6) + -2.
6
What is the value of 41 + -40 + 2 + -2 + 2?
3
1 + ((-6 - -7) + -1 - 4)
-3
Evaluate (19 - 32) + 2 + 5.
-6
What is 4 - (-9 - -8) - 7?
-2
3 + -1 + -2 - (-9 - -4)
5
0 + (0 - 0) + (-39 - -39)
0
What is the value of -5 + 12 - (0 + 3)?
4
Calculate 1 + 3 + -226 + 229.
7
What is 7 + -10 + (-2 - -6)?
1
Calculate (2 - -1) + -3 - 0.
0
What is the value of 1 + -2 + 5 + -10?
-6
Calculate 1 + 0 - ((1 - -4) + -1).
-3
1 + (4 - 1) + -1
3
Evaluate (0 - -3) + (-74 - -77).
6
-12 - 2 - -8 - 2
-8
Evaluate -6 - ((1 - -1) + (23 - 29)).
-2
What is 16 + -8 - (4 + 3)?
1
What is the value of (5 + -4 - 1) + 4?
4
Calculate -2 + 6 + (6 + -2 - 8).
0
Calculate -3 + 6 + -6 - -4 - 4.
-3
5 + -3 + (-4 - -3)
1
What is (-16 - -9) + (2 - 4) + 3?
-6
(8 - (5 + 3)) + -2
-2
-13 - (1 - 4) - (-4 - -1)
-7
What is 1 - (-13 + (1 - -5)) - 2?
6
-7 + (3 - -1) + (1 - -3)
1
Evaluate -2 + (-24 - -13) - -4.
-9
What is the value of 3 - -2 - (5 - 3)?
3
What is (-9 - 1) + (-39 - -49)?
0
Evaluate 1 + -4 + (-